reatest common factor of z and 9?
9
Let s = -1885 - -1894. Calculate the greatest common divisor of s and 129.
3
Let y = -110 + 90. Let k = y - -24. Let u be ((-12)/(-15))/((-1)/(-5)). Calculate the greatest common factor of k and u.
4
Let g be (-9)/(-4) + 3/(-12). Let q be ((-28)/(-21) + -2)/(6/(-27)). Suppose 20 = q*b + g*b. What is the highest common factor of b and 4?
4
Suppose -3*y + 5*y + 4*k = -10, 2*y - k - 10 = 0. Let b be (-14)/(-1) - (y + 2). Calculate the highest common factor of b and 72.
9
Suppose -2*n + 285 = 3*n - 5*h, 4*n - 237 = h. Let t = -106 - -196. Calculate the highest common factor of n and t.
30
Let q = 263 + -108. Calculate the highest common divisor of 5 and q.
5
Suppose 448 = 2*c - 2*n, -2*c + n = -2*n - 447. Calculate the highest common factor of 50 and c.
25
Suppose -5*u = 594 - 629. Let x be 2 - (3 + (-9)/3). Suppose 49 = -x*n + 3*n. What is the highest common divisor of u and n?
7
Suppose -25*m = 3*l - 21*m - 602, 3*l + 2*m - 598 = 0. Calculate the highest common divisor of l and 132.
66
Let b be (-2)/(-6) - (-40)/6. Let x = 2 + b. Let k(d) = -9*d**3 - 2*d**2 + 2*d + 3. Let y be k(-2). What is the greatest common factor of y and x?
9
Let b be 2/(-1) + 5 + -8 + 131. Let r be -7*(-2 - (-3 - -3)). What is the highest common factor of r and b?
14
Let y(h) = -2*h**3 + 4*h**2 - 4*h + 1. Let n be y(1). Let z be (1 + 1)/(4/78). Let u be n/(-3) + 65/z. What is the greatest common divisor of u and 3?
1
Let w(c) = -21*c + 2. Let g be w(-1). Suppose -g*r + 24*r = 25. Suppose 3*q - 2*q - r = 0. Calculate the greatest common factor of q and 75.
25
Suppose -2*o - 6*o = -40. Suppose 5*u + 3*l - 323 = 0, -59 = 4*u - o*u + 5*l. What is the greatest common factor of u and 8?
8
Suppose -12*x + 220 = -8*x. Calculate the highest common factor of x and 121.
11
Let n = -152 - -210. What is the greatest common factor of n and 203?
29
Let l(k) = k**3 + 6*k**2 - 42*k + 27. Let c be l(-9). What is the highest common factor of 6 and c?
6
Let g(m) = 65*m**2 + m - 19. Let h be g(5). Calculate the highest common factor of 9 and h.
9
Suppose 0 = m + 44 - 12. Let d be 1640/12 - m/24. What is the greatest common divisor of d and 6?
6
Let x be 2 - -44 - 20/(-10). Calculate the greatest common factor of x and 32.
16
Let q(r) = -36*r - 1. Let i be q(-1). Suppose l = -5*x + 39, 3*l + 2*x - 72 = -20. Calculate the greatest common divisor of l and i.
7
Let w = 9 - -107. What is the highest common divisor of 29 and w?
29
Let n(t) = 12*t - 74. Let r be n(9). Suppose 297 = 2*a - 3*v - 2*v, 0 = 5*a - 3*v - 695. What is the greatest common divisor of a and r?
34
Suppose 52 = d + o, d - 3*o - 17 = 31. Calculate the greatest common divisor of d and 68.
17
Let x(u) = -50*u + 184. Let q be x(-7). Calculate the greatest common divisor of 623 and q.
89
Suppose -7*d = -17 - 25. Suppose -2*g - 2*o + 24 = 0, d*g - 40 = g - o. Calculate the highest common divisor of 21 and g.
7
Suppose -f = -3*f - 26. Let b = f + 17. Suppose 3*p + 0*q - 49 = q, -b*q - 34 = -3*p. What is the greatest common factor of p and 18?
18
Let u(b) = -b**3 - b**2 - 13*b - 20. Let p be u(-6). Calculate the highest common factor of 1547 and p.
119
Suppose 23*n - 7180 = -510. What is the greatest common divisor of n and 58?
58
Let z be (135/(-12) - -7)*(8 + -88). What is the highest common factor of z and 160?
20
Let t(o) = -3*o**2 + 84*o + 15. Let b be t(17). What is the highest common divisor of 9 and b?
9
Let x be 2*3/6*-1. Let z be x + 2 + -2 - -188. Suppose -4*s + 245 = -z. Calculate the highest common divisor of 12 and s.
12
Let l(d) = -45*d + 372. Let z be l(8). What is the greatest common divisor of z and 426?
6
Suppose -11*z = 3*f - 14*z - 15, -z = -4*f + 35. Calculate the highest common factor of 160 and f.
10
Suppose -2*u - 600 = -8*u. What is the greatest common divisor of u and 60?
20
Suppose -14*j + 7658 + 3444 = 0. Calculate the greatest common factor of j and 39.
13
Suppose -h = -3*i - 3*h + 52, i + h = 17. Let c = -247 + 409. Calculate the greatest common divisor of i and c.
18
Suppose -8*d + 7*d - 24 = 0. Let l = d - -93. Let t = -46 + l. What is the highest common factor of t and 161?
23
Let l(w) = -10*w + 200. Let x be l(11). What is the greatest common divisor of x and 120?
30
Let n be 8/(-20) - (-167)/5. Let g(d) = d**2 - 12*d - 32. Let u be g(15). Let y = u - 10. Calculate the greatest common divisor of y and n.
3
Suppose 10 = -5*q + 25. Suppose -2*t = q*t - 20. Suppose 8 - 20 = -t*n. What is the highest common divisor of n and 1?
1
Let a be 20/6 + (-102)/(-18) + -5. Suppose -a*m - 7 = -11. What is the highest common divisor of 1 and m?
1
Let y = -27 + 31. Let d(h) = h**3 - 3*h**2 - 2*h - 4. Let u be d(y). Suppose -6 = -c + u. What is the greatest common factor of 90 and c?
10
Let t be 195/10*(-4)/(-6). Suppose -126 = -8*q + 810. What is the highest common factor of t and q?
13
Let y(t) = -17*t + 296. Let n be y(8). What is the greatest common factor of n and 70?
10
Let d be (799/(-51) - -17)*24. Let y(q) = 2*q**2 + 8*q + 8. Let f be y(-6). What is the greatest common factor of d and f?
32
Let s be 2 + -2 + (-4)/(-2). Let u(t) = -6*t - 6. Let b be u(-5). Let q be (-2)/(-7) - b/(-14). Calculate the greatest common divisor of q and s.
2
Let r be 3 + (-4 - -1)*1 - -2. Suppose -r = 9*j - 11*j. Calculate the highest common divisor of 2 and j.
1
Suppose -5*k = -8*k + 3. Suppose -j + 2*j = k. Calculate the greatest common divisor of j and 11.
1
Let v(g) = -g**2 - g + 11. Let l = 1 + 2. Suppose -3*r + 0 = -3*p + 3, -l*p = -r - 3. Let z be v(r). Calculate the highest common factor of z and 22.
11
Let p = -16 - -40. Let j(k) = k**3 + 3*k**2 - 2. Let x be j(2). Calculate the highest common factor of x and p.
6
Let t = -16 - -22. Let v(s) = 4*s - 64. Let p be v(19). Let h = p - t. Calculate the greatest common divisor of h and 18.
6
Let d be (-8)/28*3 - 4917/(-77). Calculate the highest common factor of d and 6.
3
Let q = -213 + 214. Calculate the highest common divisor of q and 22.
1
Let h = 43 - 41. Suppose -5*i + h*s = -81, -i + 6*s - 5*s = -18. What is the greatest common factor of i and 10?
5
Let k be 2/8 + 165/12. Suppose w + 319 + 348 = 3*m, 3*m = -5*w + 697. Let d be 0*(-3)/15 + m/2. What is the greatest common factor of d and k?
14
Let i(n) = -25*n + 6. Let g be i(-2). Suppose 0 = 3*k + 4*p + 16 - 44, -11 = -k - p. Calculate the highest common factor of k and g.
8
Let m(u) = -24 - 8*u + u + 2*u + 2*u + u**2. Let x be m(9). Calculate the greatest common factor of x and 12.
6
Let b(s) = s**3 + 14*s**2 + 8. Let y be b(-14). Let r be 350/20*y/(-10). Let i = 19 + r. What is the greatest common divisor of i and 25?
5
Suppose 0 = -2*d + 282 - 32. Calculate the greatest common divisor of 225 and d.
25
Suppose 0 = 2*i - 3*g - 4, -g = -3*i + 6 + 7. Suppose -18 = -i*x + 2*x. What is the highest common factor of x and 30?
6
Let v be 122/1 + 0 + (-5)/1. What is the greatest common factor of 65 and v?
13
Let l(a) = 2*a**3 - 5*a**2 + 2*a. Let s be l(3). Suppose 0 = 5*i + 8*z - 3*z - 675, 5*i - 4*z - 675 = 0. What is the highest common factor of i and s?
15
Let b = -14 - -16. Let a(h) = 3*h**2 + 13*h + 1. Let g be a(-9). Suppose -2*i + g = 4*m - i, 66 = 2*m - b*i. What is the greatest common divisor of m and 16?
16
Suppose -w = -5*b + 3082, -2*w - 1226 = -2*b - 5*w. What is the greatest common factor of 56 and b?
56
Let d be 2631/4 + 13*10/520. Calculate the greatest common divisor of d and 94.
94
Let a = -254 - -269. Calculate the greatest common divisor of a and 1230.
15
Let r be 12 - 0*2/(-4). Suppose 0 = -7*n + 11*n - r. Calculate the highest common factor of n and 2.
1
Suppose 0 = 5*l + 2*c - 884, c + 46 = l - 128. Calculate the greatest common divisor of l and 132.
44
Suppose 0 = -3*d + 4*d - 2*f + 14, 4*f = 3*d + 46. Let m = 39 + d. Calculate the highest common divisor of m and 84.
21
Suppose b - 3*l + 15 = -10, 0 = b - 2*l + 25. Let n be (120/b)/((-2)/10). Calculate the highest common factor of 16 and n.
8
Let o be (-338)/117*(-9)/1. What is the highest common divisor of 4 and o?
2
Suppose 3 + 3 = -2*f, 0 = -4*p - 3*f + 59. Suppose -t + 4*b - p = 2*t, 0 = 4*t + 4*b - 24. Calculate the greatest common factor of 9 and t.
1
Let b(f) = 0*f**2 - 5*f - 2*f**2 - 2*f**2 + 7 + 5*f**2. Let 